y 30?
11
What is the remainder when 115843 is divided by 40?
3
What is the remainder when 13543 is divided by 98?
19
What is the remainder when 52418 is divided by 15?
8
Calculate the remainder when 3026 is divided by 146.
106
Calculate the remainder when 1318937 is divided by 439636.
29
What is the remainder when 162 is divided by 18?
0
What is the remainder when 19259 is divided by 38?
31
Calculate the remainder when 12046 is divided by 67.
53
Calculate the remainder when 24336080 is divided by 231.
230
What is the remainder when 38298 is divided by 661?
621
Calculate the remainder when 98097 is divided by 19618.
7
What is the remainder when 16295 is divided by 2300?
195
What is the remainder when 22054 is divided by 761?
746
Calculate the remainder when 71569 is divided by 31.
21
Calculate the remainder when 11951 is divided by 1981.
65
Calculate the remainder when 11535 is divided by 11515.
20
What is the remainder when 2453 is divided by 143?
22
What is the remainder when 12785 is divided by 639?
5
What is the remainder when 60343 is divided by 76?
75
What is the remainder when 35000 is divided by 2492?
112
Calculate the remainder when 9387 is divided by 17.
3
What is the remainder when 17342 is divided by 4276?
238
What is the remainder when 9684 is divided by 202?
190
Calculate the remainder when 21346 is divided by 10662.
22
What is the remainder when 34453 is divided by 210?
13
What is the remainder when 168627 is divided by 70?
67
Calculate the remainder when 5084 is divided by 113.
112
Calculate the remainder when 57058 is divided by 383.
374
Calculate the remainder when 414 is divided by 177.
60
Calculate the remainder when 429 is divided by 34.
21
Calculate the remainder when 1383 is divided by 486.
411
Calculate the remainder when 26576 is divided by 36.
8
What is the remainder when 74233 is divided by 4944?
73
Calculate the remainder when 2016 is divided by 991.
34
Calculate the remainder when 55532 is divided by 13.
9
What is the remainder when 101180 is divided by 1533?
2
Calculate the remainder when 33957 is divided by 40.
37
What is the remainder when 3158 is divided by 224?
22
What is the remainder when 1678 is divided by 117?
40
What is the remainder when 13478 is divided by 214?
210
What is the remainder when 320 is divided by 29?
1
Calculate the remainder when 6442 is divided by 1426.
738
Calculate the remainder when 19 is divided by 8.
3
Calculate the remainder when 6030 is divided by 13.
11
Calculate the remainder when 922 is divided by 234.
220
What is the remainder when 47532 is divided by 2495?
127
What is the remainder when 10873 is divided by 6?
1
Calculate the remainder when 8454 is divided by 34.
22
What is the remainder when 1712 is divided by 451?
359
Calculate the remainder when 30951 is divided by 22.
19
Calculate the remainder when 818371 is divided by 67.
33
Calculate the remainder when 38362 is divided by 1420.
22
Calculate the remainder when 9110 is divided by 50.
10
Calculate the remainder when 70063 is divided by 116.
115
Calculate the remainder when 2078 is divided by 1019.
40
Calculate the remainder when 31248 is divided by 679.
14
What is the remainder when 521 is divided by 145?
86
What is the remainder when 7431 is divided by 85?
36
Calculate the remainder when 6843 is divided by 6676.
167
Calculate the remainder when 2605557 is divided by 10.
7
Calculate the remainder when 519297 is divided by 2636.
5
Calculate the remainder when 987562 is divided by 68.
66
Calculate the remainder when 76387 is divided by 15.
7
What is the remainder when 439 is divided by 31?
5
What is the remainder when 200797 is divided by 1068?
13
What is the remainder when 11749 is divided by 781?
34
Calculate the remainder when 17812 is divided by 4449.
16
Calculate the remainder when 121247 is divided by 5.
2
What is the remainder when 23682 is divided by 23627?
55
Calculate the remainder when 4911 is divided by 225.
186
What is the remainder when 27451 is divided by 55?
6
Calculate the remainder when 16148 is divided by 3990.
188
What is the remainder when 3145882 is divided by 21?
19
Calculate the remainder when 8431 is divided by 1175.
206
What is the remainder when 43856 is divided by 10961?
12
Calculate the remainder when 151694 is divided by 38.
36
Calculate the remainder when 5962 is divided by 847.
33
What is the remainder when 1154 is divided by 464?
226
What is the remainder when 41095 is divided by 120?
55
What is the remainder when 7303 is divided by 156?
127
What is the remainder when 23786 is divided by 5940?
26
Calculate the remainder when 127870 is divided by 96.
94
Calculate the remainder when 789 is divided by 671.
118
What is the remainder when 11831 is divided by 4860?
2111
Calculate the remainder when 86693 is divided by 513.
509
Calculate the remainder when 1264 is divided by 240.
64
What is the remainder when 792 is divided by 664?
128
What is the remainder when 17042 is divided by 17?
8
What is the remainder when 4821 is divided by 488?
429
Calculate the remainder when 124259 is divided by 49.
44
What is the remainder when 4521 is divided by 55?
11
Calculate the remainder when 84697 is divided by 7699.
8
Calculate the remainder when 1226 is divided by 16.
10
Calculate the remainder when 31169 is divided by 61.
59
Calculate the remainder when 1003515 is divided by 42.
9
Calculate the remainder when 674 is divided by 13.
11
Calculate the remainder when 39564 is divided by 1276.
8
What is the remainder when 76891 is divided by 213?
211
Calculate the remainder when 237168 is divided by 17.
1
What is the remainder when 3714 is divided by 111?
51
What is the remainder when 23546 is divided by 11681?
184
Calculate the remainder when 1023566 is divided by 296.
294
Calculate the remainder when 14319 is divided by 682.
679
What is the remainder when 48961 is divided by 160?
1
What is the remainder when 50193 is divided by 3582?
45
Calculate the remainder when 18631 is divided by 135.
1
What is the remainder when 174049 is divided by 699?
697
What is the remainder when 3059 is divided by 93?
83
What is the remainder when 1162 is divided by 540?
82
Calculate the remainder when 2897 is divided by 1940.
957
What is the remainder when 604 is divided by 31?
15
What is the remainder when 374670 is divided by 804?
6
Calculate the remainder when 1813 is divided by 676.
461
What is the remainder when 64721 is divided by 72?
65
What is the remainder when 1234 is divided by 186?
118
What is the remainder when 2402 is divided by 737?
191
What is the remainder when 1346 is divided by 803?
543
What is the remainder when 636 is divided by 222?
192
What is the remainder when 15332 is divided by 82?
80
Calculate the remainder when 2359 is divided by 102.
13
What is the remainder when 1367 is divided by 1360?
7
Calculate the remainder when 4867 is divided by 1518.
313
Calculate the remainder when 1368 is divided by 113.
12
What is the remainder when 2693 is divided by 227?
196
What is the remainder when 5504 is divided by 274?
24
What is the remainder when 136141 is divided by 884?
5
What is the remainder when 14777 is divided by 257?
128
What is the remainder when 44372 is divided by 38?
26
Calculate the remainder when 3076 is divided by 1335.
406
Calculate the remainder when 21215 is divided by 39.
38
What is the remainder when 5971 is divided by 51?
4
What is the remainder when 104675 is divided by 61?
60
Calculate the remainder when 23476 is divided by 114.
106
What is the remainder when 399398 is divided by 931?
930
What is the remainder when 68367 is divided by 244?
47
Calculate the remainder when 55198 is divided by 239.
228
Calculate the remainder when 11321 is divided by 222.
221
What is the remainder when 4930 is divided by 266?
142
Calculate the remainder when 8944 is divided by 1778.
54
What is the remainder when 1455 is divided by 31?
29
What is the remainder when 48320 is divided by 48314?
6
Calculate the remainder when 250017 is divided by 50001.
12
Calculate the remainder when 5816 is divided by 1419.
140
Calculate the remainder when 254092 is divided by 445.
442
What is the remainder when 17549 is divided by 181?
173
What is the remainder when 124131 is divided by 962?
33
Calculate the remainder when 66196 